e of -3 + (1 - 1 - -3) + 2?
2
What is the value of -1 + 0 + -3 + 7 + -6?
-3
-5 + 6 - (-1 - (3 - 3))
2
Evaluate 0 - (-8 + 5 + 0).
3
Evaluate -11 + 17 + (-4 - 0).
2
(1 - 5 - 0) + 0
-4
Evaluate -30 - -22 - (-7 - -1).
-2
What is the value of -3 + (2 - 7 - -6) + -3?
-5
What is the value of 0 - ((1 - -4) + -5)?
0
Evaluate 2 - 7 - -11 - 6.
0
Calculate (4 + -1 - 6) + 0 + 7.
4
Calculate 1 - (6 - -1 - 3).
-3
What is the value of (-3 - -2) + (0 + 3 - 3)?
-1
What is (-16 - -10) + 5 + 0?
-1
(0 - -6) + -4 + 5 + -4
3
Evaluate (-3 - -9) + -2 + 1 + -8.
-3
What is 0 + (7 - 1) + -4?
2
What is (-2 - -1) + 0 - (8 + -6)?
-3
What is -9 + 4 - ((1 - 4) + 7)?
-9
-3 - (1 + 1 + (-3 - 1))
-1
What is 14 + (0 - (9 - 2))?
7
What is the value of -4 + (3 - -5) - 7?
-3
4 + (-3 - (-5 - 0 - -3))
3
(-2 + -1 - 1) + (26 - 31)
-9
-4 - (-12 - -2) - (2 + 2)
2
Evaluate -10 - (-6 - (-1 - (-3 + 3))).
-5
What is 0 + (-1 - 0) + (0 - 3)?
-4
Evaluate 5 + -1 - (7 + 2).
-5
What is the value of -1 + 6 + (-17 - (-6 + -6))?
0
What is -9 - (-6 - (1 + 6))?
4
Calculate (0 - (0 + 5 - -4)) + 4.
-5
Calculate (-2 - -9) + (-1 - 4).
2
(-8 - -11 - 5) + 0 + 7
5
Evaluate (1 - (-2 - -3)) + -55 + 52.
-3
Evaluate 5 + -5 + 2 - -2.
4
What is the value of 2 - (-7 - (0 - 4))?
5
Evaluate (-1 - -5) + (5 - 7).
2
Calculate -21 + 18 + (-1 - -1).
-3
What is (50 - 53) + (-8 - -2)?
-9
Evaluate 1 + 1 + (-4 - 0).
-2
2 - ((-3 - -4) + 4) - -1
-2
Calculate -16 - (2 + -12) - -6.
0
Calculate 4 - (3 - -2 - 4).
3
What is 1 - (0 - 5 - -2)?
4
Calculate 1 + (-4 - (-2 + -4)).
3
Evaluate (-4 - 2) + (4 - 3) + 11.
6
What is 1 + -18 + (9 - -1)?
-7
(7 - 6) + 1 + 6 - 4
4
What is 4 + (1 - -4) + -3 - 3?
3
What is the value of 2 + 4 - (0 - -3)?
3
Calculate (0 + 8 - 3) + (5 - 11).
-1
2 + -7 + 7 - (1 + 6)
-5
Calculate -8 + -4 + 2 - -3.
-7
What is the value of 16 - (0 + (-6 - -6 - -7))?
9
What is 6 + -8 - -1 - -4?
3
What is -6 + (-7 + 4 - -13) + -6?
-2
-12 + 19 + -10 + 2
-1
What is the value of 14 + (4 - 12) + -1?
5
What is the value of -13 + (3 - 1) + 16 + -11?
-6
What is the value of -2 - ((-30 - -29) + -3 + -1)?
3
Evaluate -7 - 0 - (-30 + 25) - -7.
5
-32 - -42 - (2 + 8)
0
Evaluate -2 + (-1 - -1) - (3 - 3).
-2
Evaluate -1 + (-5 - (-2 - 6)).
2
Calculate 0 + (6 - (5 + -1)) + 0.
2
Evaluate 5 + (7 - (5 - 3) - 16).
-6
What is the value of -13 - (14 - 8 - 11)?
-8
What is 6 + -11 - (-6 - -1 - -4)?
-4
What is (1 - -2) + -3 - -4?
4
Calculate 1 + -1 - (48 + -42).
-6
Evaluate 7 + -2 + (4 - 6).
3
What is the value of 3 - (-5 - -4 - -7)?
-3
What is the value of -1 + 10 + -9 - (4 - -2)?
-6
What is the value of (-6 - (-3 + -2)) + -2?
-3
What is 0 - ((-3 - 0) + 7)?
-4
-2 + 1 + 1 - (-2 + 6)
-4
What is 3 - 16 - -2 - -11?
0
What is 1 - 2 - (3 + -3 + 2)?
-3
What is the value of 1 + 8 + -21 + 12?
0
What is the value of (-14 - -2) + (15 - -3)?
6
Evaluate -8 + (13 - 4 - 1).
0
What is the value of 0 + 7 - (-38 + 42) - -3?
6
Calculate -8 - (-9 - (8 - 11)).
-2
4 + 1 + -2 - 4
-1
Evaluate (0 - -1) + 11 + -3 + -7.
2
Evaluate (-5 - -1 - (17 - 20)) + -4.
-5
Evaluate -2 - (0 + 7 + -5).
-4
Evaluate -3 + 1 - -6 - 6 - 3.
-5
What is 7 + (6 + -5 - (0 - 0))?
8
Evaluate 3 + -2 + (0 - (3 - 1)).
-1
Calculate 0 + 8 - 3 - 10.
-5
What is (8 - 11) + -9 + 9?
-3
Calculate 13 + -16 - (-11 + 10).
-2
What is the value of -2 + (5 - 7 - -2)?
-2
-4 + -6 + (-4 - -4 - -6)
-4
211 + -211 + (2 - -3 - 2)
3
What is the value of 7 + (-5 - (5 + -1 - 6))?
4
Evaluate -7 - (-2 + (-3 + 1 - -6)).
-9
What is the value of (0 - 0) + (29 - 36)?
-7
Evaluate 0 - 0 - (25 - 25).
0
What is the value of 4 - 6 - (-5 + -1)?
4
Evaluate -1 - (1 - (-2 + 1)).
-3
What is -2 + (4 + 1 + -4 - 3)?
-4
What is 6 + -2 + -2 + 3?
5
What is the value of 4 - (1 + -4 - -7)?
0
What is the value of 6 + (7 + -15 - -8)?
6
Calculate 7 + -6 + 3 - 2.
2
12 - 16 - -8 - 4
0
What is the value of (2 - 5) + 18 + -22?
-7
Evaluate (-5 - -2 - -5) + -6.
-4
What is -1 - (-2 + 1) - 6 - -11?
5
What is (2 - (-1 + 1)) + -7 + 9?
4
What is the value of 1 + 2 + 3 + (4 - 3)?
7
Calculate (-8 - (-4 + -1)) + 0 + 2.
-1
Evaluate -1 - (3 - (6 + -6)).
-4
What is the value of -3 + 4 - 2 - (3 + 0)?
-4
What is 0 + (3 - (2 + -7 + 2))?
6
Calculate 3 + -1 - (-17 - -20) - -3.
2
What is (2 - -9) + -2 - (-217 + 223)?
3
(-5 - (4 + -9)) + -1
-1
What is -16 - -15 - (4 + -1)?
-4
Calculate (-2 - 2) + 6 + -5.
-3
Calculate -4 + (9 - -2) + 2 - 7.
2
Calculate 4 - (3 + -9 - -5).
5
What is (-4 - (-10 + 1)) + -4 - 9?
-8
Calculate 5 + -10 - (1 - 2).
-4
Calculate -4 - ((8 - -6) + -9 - -1).
-10
Evaluate -2 + 0 + -1 + 3.
0
(-4 - 4 - -12) + 1
5
What is 3 - ((1 - 10 - -4) + 6)?
2
Evaluate (-1 - -1) + (-15 - (-7 + -3)).
-5
What is -17 + 6 + 3 - -14?
6
9 - (4 + -4 + 4)
5
What is the value of -2 - -4 - (5 - 4)?
1
Evaluate -6 - (-7 + 2 + (-21 - -22)).
-2
What is the value of (-2 - -1) + (-3 - -9) + -13?
-8
Evaluate (-3 - (-1 - 4)) + (3 - 10).
-5
What is -17 + 0 + 9 + (10 - 12)?
-10
What is the value of 7 + -12 + 2 + -2 - -4?
-1
Evaluate 6 - -1 - 5 - (-1 + 0).
3
What is -1 + -3 - -1 - -4?
1
Calculate 12 + -7 + -11 - 0.
-6
What is 3 + (4 - 1) + -2?
4
Evaluate 1 + -2 + 1 + (-15 - -15).
0
Calculate 42 + -42 + -3 + -1 + 0.
-4
What is the value of -4 - (-1 - 1) - (-13 + 19)?
-8
(-4 - -2) + 2 - -4
4
What is (2 - 0) + 2 - (6 + -3)?
1
Calculate -1 + -8 - -12 - (-1 + 0).
4
What is the value of 3 - (-8 + 0 + 2)?
9
-5 - ((5 - 8) + (-2 - 2))
2
What is the value of -12 + 3 + 5 - -5?
1
What is the value of (3 - (-3 - -6)) + -1?
-1
-1 + (7 - (2 - 2)) + -2
4
Calculate (0 - -5) + (-9 + 7 - 1).
2
-7 - (2 + (-1 - 1) + -2)
-5
What is the value of 5 + 1 - (-58 - -58)?
6
What is the value of -10 + (-2 + 3 - (3 + -4))?
-8
What is -16 - -14 - (-3 + 6)?
-5
What is -12 - (0 - (4 + 2))?
-6
Evaluate (4 + -2 - (-1 + 6)) + 4.
1
Evaluate 1 - (-2 - -11) - (44 - 62).
10
-3 + -4 + 11 - (-1 + -2)
7
3 + (-1 + -2 - 0)
0
What is the value of -5 + (2 - 0 - 4)?
-7
What is the value of (-2 - (5 - 7)) + 5 + -11?
-6
Evaluate -4 + 7 + 0 + (-4 - -1).
0
Evaluate 0 + 1 + (-1 - 1).
-1
What is the value of -22 + (20 - 10) - -3?
-9
Calculate 5 + 7 + -11 - (-1 - -3).
-1
What is -6 + 4 + 9 + (-5 - 0)?
2
What is 1 + 6 + -63 + 55?
-1
Calculate (-21 - -16) + (-1 - -8).
2
What is -4 + 6 - (0 + 3 - 3)?
2
Evaluate -7 + (3 - 10) + 9.
-5
1 + (-1 - -4 - 10)
-6
What is the value of 4 + 0 + -4 + (-1 - -1)?
0
-10 + 1 + 5 + -1 + -5
-10
What is the value of -17 - -8 - (4 - 4)?
-9
What is 1 + -8 + 4 + -3 + 7?
1
9 + (-5 - (-4 - -6))
2
What is the value of -2 + 3 - (-6 + 9) - 0?
-2
What is the value of (12 - (-4 - -9)) + -13?
-6
Calculate 4 + -4 + 1 + 2.
3
Evaluate -4 - 6 - (2 + -23).
11
Calculate 5 + -4 + -1 + -4 + -1.
-5
Evaluate 3 + (1 - -2) + 0.
6
-4 + 2 + -2 + -2 + 1
-5
What is the value of 0 - 2 - (1 + -1)?
-2
-1 + -1 - ((-1 - -2) + -5)
2
What is 0 - (4 + -1 - 3 - 0)?
0
Evaluate -9 - (1 + 2 - 4) - -5.
-3
Evaluate (-10 - 1) + -170 + 174.
-7
Calculate (-5 - -1) + (-5 - (-5 - -1)).
-5
What is the value of (-3 - -8) + -1 + 1 + -3?
2
-5 + (-5 + -1 - -6)
-5
What is -1 - 0 - (6 - (-4 + 10))?
-1
What is the value of (1 - -6 - 6) + 2 + 1?
4
-7 + (2 - 1) - -2
-4
Calculate (-2 + 0 - 5) + 6 + 2.
1
What is 11 - 3 - (1 - -15)?
-8
What is 9 - (-5 - -7) - 2 - 10?
-5
Calculate (-3 - (-4 + 1)) + 1 + -4.
-3
What is the value of 2 + -1 + (1 - 0) + 3?
5
What is 2 - -7 - (19 + -13)?
3
What is the value of (17 - 1) + 13 + -27?
2
Evaluate -2 - ((-1 - 7) + 5 + -1).
2
What is the value of -14 - (0 - 7) - (-3 - 0)?
-4
Calculate (1 - -1) + (-3 - -6) - 1.
4
-21 - -14 - -6 - (3 + -1)
-3
-5 + 5 + -4 + 2
-2
What is the value of -6 + (4 - 1) - -6?
3
Calculate (-1 - 2) + 1 + 2 - 4.
-4
(-18 - -13) + 5 + 1
1
What is the value of 2 - 3 - -5 - (-2 + 2)?
4
What is (0 - 1) + (5 - 1 - 0)?
3
1 + (-4 - -3) + (3 - -2)
5
What is -5 - 1 - (-11 - (7 - 10))?
2
Evaluate -4 + 5 + -4 - (-1 - -3).
-5
Evaluate (3 - (3 - 1)) + 3.
4
Calculate 4 - (-4 + 21 + 0 + -7).
-6
2 - (4 + -1) - (-7 + 11)
-5
Evaluate 8 - (9 - (0 - -2 - 1)).
0
(6 - 5) + 1 - (-11 - -12)
1
What is the value of 3 + 7 + -4 + -7?
-1
What is the value of (1 - 5) + -1 + 1 + -1?
-5
8 - (16 + (-9 - -7))
-6
Evaluate 1 + 0 + 2 + 5 + -6.
2
Calculate 1 + (12 - (-5 + 10)).
8
2 + (3 + -4 - (2 + -1))
0
What is (13 - 14) + (-3 + 0 - -1)?
-3
What is (-3 - (0 + (1 - 3))) + -4?
-5
Calculate -2 - (-1 - 4 - -3).
0
What is (1 - 5) + -2 + 2?
-4
What is the value of -1